 the remainder when g is divided by 1.
0
Let p = -60 + 85. What is the remainder when p is divided by 9?
7
Let j(c) = 3*c**2 - 6*c + 7. Calculate the remainder when j(5) is divided by 14.
10
Suppose -o - 3*o = 0. Suppose -2*t + 34 = 4*b, o = 3*b - b - 4. Calculate the remainder when 25 is divided by t.
12
Calculate the remainder when (-78)/(-24)*48/4 is divided by 21.
18
Let h = -67 + 237. Suppose -5*f + 115 = 3*t - 0*f, -5*t = 4*f - h. What is the remainder when t is divided by 8?
6
Let g(k) = k**3 + 7*k**2 + 4*k + 1. Let s = 4 - 0. Suppose 4*d - 2 + 10 = 0, -s*d - 14 = q. Calculate the remainder when 38 is divided by g(q).
12
Let g(r) be the first derivative of r**2 - 4*r + 2. Suppose -10 = -2*a - 2. What is the remainder when g(7) is divided by a?
2
Let n(t) = -t - 5. Let u be n(-6). Suppose -u = x - 8. What is the remainder when 20 is divided by x?
6
Suppose -3*n = -6*n - 144. Calculate the remainder when 22 is divided by n/(-4) - 1 - -1.
10
Let o(p) = 5 - 72*p - 3 + 0. Calculate the remainder when o(-1) is divided by 19.
17
Let v = 10 + -1. Let u(q) = q**3 + 14*q**2 - 15*q + 15. Calculate the remainder when u(-15) is divided by v.
6
Suppose 0 = 5*w + 3*q - 37, 0 = -2*w + 6*w + 2*q - 30. What is the remainder when w is divided by 4?
0
Let m be (2/(-4))/((-1)/4). Suppose -5*i - c = -113, -7*c + m*c = 4*i - 103. Suppose -2*f + i + 4 = 0. What is the remainder when 38 is divided by f?
12
Let w = 201 - 132. Let y = -135 - -171. Calculate the remainder when w is divided by y.
33
Suppose -u + 6*u = 95. Let m be -2 + -2 - (109 - -4). Let z = -44 - m. What is the remainder when z is divided by u?
16
Suppose -c - 3 = -4*c. Let p = 6 - c. What is the remainder when 19 is divided by p?
4
Suppose -l + 5*m = -12, 0 = -l - 0*l + 4*m + 12. What is the remainder when 59 is divided by l?
11
Let o(v) = v**3 - 5*v**2 + 6*v - 4. Let c be o(4). Calculate the remainder when -2*(-1 - -3)*-8 is divided by -5 + c - (-18 + 0).
15
Let m be (0 + 0)*(-3 + 2). Suppose m = 3*p + 1 - 4. Calculate the remainder when 3 is divided by p.
0
Suppose 4*g + 5*r = 55, -4*r + 56 = 4*g - 0*g. Calculate the remainder when g is divided by 3.
0
Calculate the remainder when (1/(-2))/((-7)/266) is divided by 12.
7
Suppose 213 = -4*y - 3*t, -3*y + 4*t = 203 - 37. Let k = 47 + -138. Let q = y - k. What is the remainder when q is divided by 20?
17
Let m(z) = -z - 4. Let g = 8 + -17. Let j be m(g). Suppose -j*c + 129 = -i, 5*c - 3*c - 3*i = 62. Calculate the remainder when c is divided by 14.
11
Suppose 4*z - 2 = 3*y - 4*y, 8 = 4*y + 3*z. Calculate the remainder when (-2 - -1 - y)*-3 is divided by (2/(-8))/(1/(-12)).
0
What is the remainder when -101*1*(-31 - -30) is divided by 26?
23
Suppose n + n = 4*v - 20, -5*v + 28 = -n. Suppose d = v*d - 85. Calculate the remainder when d is divided by 6.
5
Suppose 5*n - 4*n + 2*z + 1 = 0, 8 = 3*n - 5*z. What is the remainder when 2 is divided by n?
0
Let f = -3 - -6. Calculate the remainder when 11 is divided by f.
2
Calculate the remainder when 7 is divided by (-1)/(-2) + 5/2.
1
Calculate the remainder when 72 is divided by (-5*6)/(0 - (5 - 3)).
12
Suppose 2*n + 0*a - 5 = a, 3*a = 5*n - 11. Suppose -d = -c, 3*d + 2*d + 5*c = 20. Calculate the remainder when n is divided by d.
0
Let o be (16/10)/(13/15 - 1). Let s = 13 - 4. What is the remainder when 34 is divided by (-8)/o - (-102)/s?
10
Suppose 5*t - 2*t - 35 = 5*y, -2*t - 3*y = -17. Calculate the remainder when 266/12 + -3 + (-2)/12 is divided by t.
9
Suppose 2 = -u + 3*u. Let w = u - -1. What is the remainder when 5 + -3 - (-24)/w is divided by 8?
6
Suppose 4*u + 5*s - 78 = 3*s, 15 = -5*s. What is the remainder when 59 is divided by u?
17
Suppose k - 172 = -3*k. Calculate the remainder when k is divided by 15.
13
Let l = -91 - -155. Suppose -c + 5*c = l. Calculate the remainder when 31 is divided by c.
15
Suppose 3*v - 2*v - 26 = -o, 3*v = o - 26. Calculate the remainder when (-6)/10 + 248/5 is divided by o.
23
Calculate the remainder when 85 is divided by -3 + (29 - 1) + -3.
19
Let r = 50 + -27. What is the remainder when r is divided by 6?
5
Let a be (-2 - (3 - 0))*-1. Suppose 0*h = 3*j + 3*h - 9, -a*j + 51 = -4*h. What is the remainder when 20 is divided by j?
6
Let u = -15 - -9. Let i = u - -9. Calculate the remainder when i is divided by 1.
0
Suppose -i + 3 = -3. Let a(f) = -5*f + 5. Let u(p) = 9*p - 10. Let s(z) = -11*a(z) - 6*u(z). What is the remainder when s(4) is divided by i?
3
Calculate the remainder when 60 is divided by -1 - -3 - 5 - -34.
29
Let c be 1 + -1 + (-6)/(-2). Suppose -5*q - 22 = -c*j, -5*j + 0*q + 4*q + 54 = 0. What is the remainder when j is divided by 8?
6
Suppose 0 = -4*b + 4*i + 140, -3*b + 4*i + 29 + 77 = 0. Calculate the remainder when b is divided by 9.
7
Let i(j) = -j**2 - 7*j - 7. Calculate the remainder when i(-4) is divided by 3.
2
Suppose -5*w - 216 = -l - 3*l, 3*l + w - 181 = 0. Calculate the remainder when l is divided by 15.
14
Let w = 278 - 276. Suppose -2*j = -7*v + 4*v + 31, -j + 9 = 2*v. Suppose 5*z - 22 = -v, 5*k = -5*z + 25. Calculate the remainder when w is divided by k.
0
Let t be 2/(-2)*(1 + -4). Suppose -t*k = 4*w - 5*k - 18, 0 = 5*w - k - 30. What is the remainder when 12 is divided by w?
5
Let p be 4*(10/4 - 2). What is the remainder when 21 is divided by (22/2)/(p + -1)?
10
Calculate the remainder when 1/15*287 + (-130)/975 is divided by 4.
3
Suppose r = 2*k - 25, 0*r + 3*r - 60 = -3*k. What is the remainder when k is divided by 3?
0
Suppose 0 = -3*r + 828 + 2124. What is the remainder when 34 is divided by (-4)/18 - r/(-54)?
16
Suppose -2 = 13*w - 15*w. Calculate the remainder when 3 is divided by w.
0
Suppose -5*w - 8 = 2*s, 2*w + 0*w = 4*s + 16. Let k(x) = -2 + x + 11 + w. What is the remainder when k(-8) is divided by 1?
0
Let f(m) = -16*m - 27. Calculate the remainder when f(-6) is divided by 35.
34
Suppose -5*g = -3*g - 26. Let d = 43 - 19. Calculate the remainder when d is divided by g.
11
Let d(p) = -p - 4. What is the remainder when 30 is divided by d(-15)?
8
Let b(l) = -l**3 + 4*l**2 + 2*l + 2. Let y = 1 + 7. Suppose 3*g + y = 35. Calculate the remainder when b(3) is divided by g.
8
Let k = 2 + 0. Let b = 9 + -5. Suppose 3*q - 22 - 10 = -5*s, 2*s = b*q - 8. Calculate the remainder when s is divided by k.
0
What is the remainder when 156/10*15/6 is divided by 8?
7
Suppose -4 - 4 = -2*q. Suppose 3*u + 4*h - 47 = 0, -2*u = q*h - 6 - 28. What is the remainder when u is divided by 4?
1
Let j be (-1)/4 + 85/20. Suppose -34 = j*a - 86. Calculate the remainder when 36 is divided by a.
10
Suppose 0 = -3*t - 4*q + 110, -105 = -2*t - 5*q - 27. What is the remainder when 64 is divided by t?
30
Let s(t) = -t**3 + 8*t**2 + 9. What is the remainder when s(8) is divided by 5?
4
Let u be 3*(2/(-3) - -1). Let s be 0*-3*u/(-6). Calculate the remainder when 22 is divided by 2*(6 - s)*1.
10
Suppose -4*w + 8 = 3*z, 5*z = -w - 4*w + 10. Suppose 0 = -4*f + u + 32, -3*f = -5*f + 4*u + w. Calculate the remainder when 16 is divided by f.
7
Suppose 0 = b + 4 + 2. Let r = 9 + b. Suppose -q + 44 = r*o, 48 = 3*q - 4*o - 58. Calculate the remainder when q is divided by 13.
12
Suppose h - 3*h + 44 = 4*r, -r = h - 18. What is the remainder when 22 is divided by h?
8
Let i = -92 - -45. What is the remainder when 1/(((-1)/1)/i) is divided by 16?
15
Let z(x) = x + 10. Let m be z(-9). Calculate the remainder when 50 + m + -2 + 0 is divided by (1/(4 - 3))/((-4)/(-68)).
15
Suppose -2*m + 5*m + 5*r - 102 = 0, 5*m + r - 170 = 0. Calculate the remainder when m is divided by 5.
4
Let f(s) = 5*s**2. Suppose 2*r - 6*r = -4. What is the remainder when 18 is divided by f(r)?
3
Let m(w) = -w**3 - 4*w**2 + 4*w + 5. Calculate the remainder when 37 is divided by m(-5).
7
Suppose 0 = 4*p - 15 + 3. Suppose -h = -p*h + 122. What is the remainder when h is divided by 21?
19
What is the remainder when 27 is divided by (64/(-12))/((-4)/6)?
3
Let a = 3 - -2. Suppose 2 = -2*u + 2*g + 80, -u + 43 = -a*g. Calculate the remainder when u is divided by 10.
8
Let o be (-3)/(1*1/(-2)). Suppose -72 = o*u - 10*u. What is the remainder when 71 is divided by u?
17
Suppose 5*a - 3*x = 37, a - 4*a + 31 = -4*x. Suppose p - a*p = i - 49, -2*i = p - 91. Calculate the remainder when i is divided by 14/(-3